{"id":2,"date":"2010-05-06T16:52:40","date_gmt":"2010-05-06T19:52:40","guid":{"rendered":"http:\/\/rusiamia.com\/rusia\/?page_id=2"},"modified":"2016-08-17T17:22:52","modified_gmt":"2016-08-17T20:22:52","slug":"rusiamia","status":"publish","type":"page","link":"http:\/\/www.rusiamia.com\/rusia\/rusiamia\/","title":{"rendered":"Quienes somos"},"content":{"rendered":"<div style=\"float: right; margin-top: 0px; margin-left: 3px\">\n[ad#ad-160]\n<\/div>\n<p>Rusiamia \u00ae Derechos Reservados \u00a9<\/p>\n<p>Editores:<br \/>\nCarlos Casaravilla.<br \/>\nRomina Renni.<\/p>\n<p>A. Machado 1650<br \/>\nMontevideo. Uruguay.<\/p>\n<p>Para contactarnos puede utilizar el Formulario de Contacto<\/p>\n<p>Informaci\u00f3n y Noticias de Rusia. Informaci\u00f3n para viajar.<\/p>\n<p>Rusiamia fue creada en el a\u00f1o 2002 como una forma de dar a conocer el idioma ruso, las costumbres rusas, las ciudades, geograf\u00eda, como son las chicas rusas y todo lo relacionado con ese pa\u00eds.<\/p>\n<p>Ahora hemos comenzado una nueva etapa en donde intentaremos mantener la informaci\u00f3n que nos vaya llegando con respecto a Rusia y public\u00e1ndola en espa\u00f1ol en Rusiamia.<\/p>\n<p>Gracias por visitarnos y recuerde que puede encontrar mas informaci\u00f3n en <a title=\"Rusia\" href=\"http:\/\/www.rusiamia.com\" target=\"_blank\"><strong>RUSIA<\/strong><\/a><\/p>\n<p>Solamente publicamos aquellas Noticias de Rusia que consideramos interesantes para nuestros lectores.<\/p>\n<p><!--adsense--><\/p>\n<p>Tambi\u00e9n estamos publicando informaci\u00f3n sobre ciudades rusas para visitar y distintos lugares rusos que usted puede querer visitar cuando planee su viaje a este pa\u00eds.<\/p>\n<p><a href=\"https:\/\/plus.google.com\/110875596816963645136?prsrc=3\" rel=\"author\" style=\"display:inline-block;text-decoration:none;color:#333;text-align:center;font:13px\/16px arial,sans-serif;white-space:nowrap;\"><img decoding=\"async\" src=\"https:\/\/ssl.gstatic.com\/images\/icons\/gplus-64.png\" alt=\"\" style=\"border:0;width:64px;height:64px;margin-bottom:7px;\"><br \/><span style=\"font-weight:bold;\">Romina Renni<\/span><br \/><span> on Google+ <\/span><\/a><\/p>\n","protected":false},"excerpt":{"rendered":"<p>[ad#ad-160] Rusiamia \u00ae Derechos Reservados \u00a9 Editores: Carlos Casaravilla. Romina Renni. A. Machado 1650 Montevideo. Uruguay. Para contactarnos puede utilizar el Formulario de Contacto Informaci\u00f3n y Noticias de Rusia. Informaci\u00f3n para viajar. Rusiamia fue creada en el a\u00f1o 2002 como &hellip; <a href=\"http:\/\/www.rusiamia.com\/rusia\/rusiamia\/\">Sigue leyendo <span class=\"meta-nav\">&rarr;<\/span><\/a><\/p>\n","protected":false},"author":1,"featured_media":0,"parent":0,"menu_order":0,"comment_status":"closed","ping_status":"open","template":"","meta":{"rop_custom_images_group":[],"rop_custom_messages_group":[],"rop_publish_now":"initial","rop_publish_now_accounts":{"twitter_60868319_60868319":""},"rop_publish_now_history":[],"rop_publish_now_status":"pending","footnotes":""},"yoast_head":"<!-- This site is optimized with the Yoast SEO plugin v24.5 - https:\/\/yoast.com\/wordpress\/plugins\/seo\/ -->\n<title>Quienes somos Informaci\u00f3n de Rusia para viajar<\/title>\n<meta name=\"description\" content=\"Quienes somos. Informaci\u00f3n de Rusia. Noticias rusas. Viajar a Rusia. Intentamos brindar informaci\u00f3n sobre Rusia para que pueda conocer m\u00e1s este pa\u00eds.\" \/>\n<meta name=\"robots\" content=\"index, follow, max-snippet:-1, max-image-preview:large, max-video-preview:-1\" \/>\n<link rel=\"canonical\" href=\"http:\/\/www.rusiamia.com\/rusia\/rusiamia\/\" \/>\n<meta property=\"og:locale\" content=\"es_ES\" \/>\n<meta property=\"og:type\" content=\"article\" \/>\n<meta property=\"og:title\" content=\"Quienes somos Informaci\u00f3n de Rusia para viajar\" \/>\n<meta property=\"og:description\" content=\"Quienes somos. Informaci\u00f3n de Rusia. Noticias rusas. Viajar a Rusia. Intentamos brindar informaci\u00f3n sobre Rusia para que pueda conocer m\u00e1s este pa\u00eds.\" \/>\n<meta property=\"og:url\" content=\"http:\/\/www.rusiamia.com\/rusia\/rusiamia\/\" \/>\n<meta property=\"article:modified_time\" content=\"2016-08-17T20:22:52+00:00\" \/>\n<meta property=\"og:image\" content=\"https:\/\/ssl.gstatic.com\/images\/icons\/gplus-64.png\" \/>\n<meta name=\"twitter:card\" content=\"summary_large_image\" \/>\n<meta name=\"twitter:site\" content=\"@sertumore\" \/>\n<meta name=\"twitter:label1\" content=\"Tiempo de lectura\" \/>\n\t<meta name=\"twitter:data1\" content=\"1 minuto\" \/>\n<script type=\"application\/ld+json\" class=\"yoast-schema-graph\">{\"@context\":\"https:\/\/schema.org\",\"@graph\":[{\"@type\":\"WebPage\",\"@id\":\"http:\/\/www.rusiamia.com\/rusia\/rusiamia\/\",\"url\":\"http:\/\/www.rusiamia.com\/rusia\/rusiamia\/\",\"name\":\"Quienes somos Informaci\u00f3n de Rusia para viajar\",\"isPartOf\":{\"@id\":\"https:\/\/www.rusiamia.com\/rusia\/#website\"},\"primaryImageOfPage\":{\"@id\":\"http:\/\/www.rusiamia.com\/rusia\/rusiamia\/#primaryimage\"},\"image\":{\"@id\":\"http:\/\/www.rusiamia.com\/rusia\/rusiamia\/#primaryimage\"},\"thumbnailUrl\":\"https:\/\/ssl.gstatic.com\/images\/icons\/gplus-64.png\",\"datePublished\":\"2010-05-06T19:52:40+00:00\",\"dateModified\":\"2016-08-17T20:22:52+00:00\",\"description\":\"Quienes somos. Informaci\u00f3n de Rusia. Noticias rusas. Viajar a Rusia. Intentamos brindar informaci\u00f3n sobre Rusia para que pueda conocer m\u00e1s este pa\u00eds.\",\"inLanguage\":\"es\",\"potentialAction\":[{\"@type\":\"ReadAction\",\"target\":[\"http:\/\/www.rusiamia.com\/rusia\/rusiamia\/\"]}]},{\"@type\":\"ImageObject\",\"inLanguage\":\"es\",\"@id\":\"http:\/\/www.rusiamia.com\/rusia\/rusiamia\/#primaryimage\",\"url\":\"https:\/\/ssl.gstatic.com\/images\/icons\/gplus-64.png\",\"contentUrl\":\"https:\/\/ssl.gstatic.com\/images\/icons\/gplus-64.png\"},{\"@type\":\"WebSite\",\"@id\":\"https:\/\/www.rusiamia.com\/rusia\/#website\",\"url\":\"https:\/\/www.rusiamia.com\/rusia\/\",\"name\":\"\",\"description\":\"\",\"potentialAction\":[{\"@type\":\"SearchAction\",\"target\":{\"@type\":\"EntryPoint\",\"urlTemplate\":\"https:\/\/www.rusiamia.com\/rusia\/?s={search_term_string}\"},\"query-input\":{\"@type\":\"PropertyValueSpecification\",\"valueRequired\":true,\"valueName\":\"search_term_string\"}}],\"inLanguage\":\"es\"}]}<\/script>\n<!-- \/ Yoast SEO plugin. -->","yoast_head_json":{"title":"Quienes somos Informaci\u00f3n de Rusia para viajar","description":"Quienes somos. Informaci\u00f3n de Rusia. Noticias rusas. Viajar a Rusia. Intentamos brindar informaci\u00f3n sobre Rusia para que pueda conocer m\u00e1s este pa\u00eds.","robots":{"index":"index","follow":"follow","max-snippet":"max-snippet:-1","max-image-preview":"max-image-preview:large","max-video-preview":"max-video-preview:-1"},"canonical":"http:\/\/www.rusiamia.com\/rusia\/rusiamia\/","og_locale":"es_ES","og_type":"article","og_title":"Quienes somos Informaci\u00f3n de Rusia para viajar","og_description":"Quienes somos. Informaci\u00f3n de Rusia. Noticias rusas. Viajar a Rusia. Intentamos brindar informaci\u00f3n sobre Rusia para que pueda conocer m\u00e1s este pa\u00eds.","og_url":"http:\/\/www.rusiamia.com\/rusia\/rusiamia\/","article_modified_time":"2016-08-17T20:22:52+00:00","og_image":[{"url":"https:\/\/ssl.gstatic.com\/images\/icons\/gplus-64.png","type":"","width":"","height":""}],"twitter_card":"summary_large_image","twitter_site":"@sertumore","twitter_misc":{"Tiempo de lectura":"1 minuto"},"schema":{"@context":"https:\/\/schema.org","@graph":[{"@type":"WebPage","@id":"http:\/\/www.rusiamia.com\/rusia\/rusiamia\/","url":"http:\/\/www.rusiamia.com\/rusia\/rusiamia\/","name":"Quienes somos Informaci\u00f3n de Rusia para viajar","isPartOf":{"@id":"https:\/\/www.rusiamia.com\/rusia\/#website"},"primaryImageOfPage":{"@id":"http:\/\/www.rusiamia.com\/rusia\/rusiamia\/#primaryimage"},"image":{"@id":"http:\/\/www.rusiamia.com\/rusia\/rusiamia\/#primaryimage"},"thumbnailUrl":"https:\/\/ssl.gstatic.com\/images\/icons\/gplus-64.png","datePublished":"2010-05-06T19:52:40+00:00","dateModified":"2016-08-17T20:22:52+00:00","description":"Quienes somos. Informaci\u00f3n de Rusia. Noticias rusas. Viajar a Rusia. Intentamos brindar informaci\u00f3n sobre Rusia para que pueda conocer m\u00e1s este pa\u00eds.","inLanguage":"es","potentialAction":[{"@type":"ReadAction","target":["http:\/\/www.rusiamia.com\/rusia\/rusiamia\/"]}]},{"@type":"ImageObject","inLanguage":"es","@id":"http:\/\/www.rusiamia.com\/rusia\/rusiamia\/#primaryimage","url":"https:\/\/ssl.gstatic.com\/images\/icons\/gplus-64.png","contentUrl":"https:\/\/ssl.gstatic.com\/images\/icons\/gplus-64.png"},{"@type":"WebSite","@id":"https:\/\/www.rusiamia.com\/rusia\/#website","url":"https:\/\/www.rusiamia.com\/rusia\/","name":"","description":"","potentialAction":[{"@type":"SearchAction","target":{"@type":"EntryPoint","urlTemplate":"https:\/\/www.rusiamia.com\/rusia\/?s={search_term_string}"},"query-input":{"@type":"PropertyValueSpecification","valueRequired":true,"valueName":"search_term_string"}}],"inLanguage":"es"}]}},"_links":{"self":[{"href":"http:\/\/www.rusiamia.com\/rusia\/wp-json\/wp\/v2\/pages\/2"}],"collection":[{"href":"http:\/\/www.rusiamia.com\/rusia\/wp-json\/wp\/v2\/pages"}],"about":[{"href":"http:\/\/www.rusiamia.com\/rusia\/wp-json\/wp\/v2\/types\/page"}],"author":[{"embeddable":true,"href":"http:\/\/www.rusiamia.com\/rusia\/wp-json\/wp\/v2\/users\/1"}],"replies":[{"embeddable":true,"href":"http:\/\/www.rusiamia.com\/rusia\/wp-json\/wp\/v2\/comments?post=2"}],"version-history":[{"count":8,"href":"http:\/\/www.rusiamia.com\/rusia\/wp-json\/wp\/v2\/pages\/2\/revisions"}],"predecessor-version":[{"id":1556,"href":"http:\/\/www.rusiamia.com\/rusia\/wp-json\/wp\/v2\/pages\/2\/revisions\/1556"}],"wp:attachment":[{"href":"http:\/\/www.rusiamia.com\/rusia\/wp-json\/wp\/v2\/media?parent=2"}],"curies":[{"name":"wp","href":"https:\/\/api.w.org\/{rel}","templated":true}]}}